
2022312220
Convert 436009 (base 10) to base 6.
13202321
What is 42325114 (base 6) in base 16?
12ec26
Convert 6272 (base 9) to base 5.
121401
What is 6fae (base 16) in base 12?
14666
Convert -11304023 (base 5) to base 12.
-4bb86
What is -259070 (base 15) in base 2?
-110111000000001110011
What is -2065830 (base 9) in base 11?
-696421
403265 (base 7) to base 4
100230302
438b6 (base 15) to base 5
23331341
988157 (base 11) to base 14
2d0c0a
What is -10111111101010001001 (base 2) in base 10?
-785033
2369564 (base 10) to base 9
4411378
-4a7976 (base 11) to base 6
-25100451
Convert -4012616 (base 7) to base 10.
-473990
What is -12ab6 (base 15) in base 7?
-336222
Convert -353221232 (base 6) to base 2.
-11001001010100101010100
-5fd9b (base 16) to base 8
-1376633
-251913 (base 10) to base 6
-5222133
-1560841 (base 11) to base 2
-1010001010110011001011
14524352 (base 6) to base 5
112242121
What is -249b55 (base 16) in base 4?
-21021231111
5133516 (base 8) to base 3
2112222100012
What is -53a102 (base 11) in base 15?
-1208c6
Convert -110101010111100000011 (base 2) to base 4.
-12222330003
What is 210303011 (base 4) in base 5?
14310400
What is 119088 (base 14) in base 4?
2102233200
Convert -4862527 (base 9) to base 6.
-132323254
16ba77 (base 14) to base 15
10c314
-3366722 (base 11) to base 13
-12b4cc1
3740050 (base 11) to base 9
13207204
What is -2000212220010 (base 3) in base 4?
-10013233230
What is 1487376 (base 9) in base 16?
c98c4
What is -2a7c3 (base 16) in base 3?
-22211201011
-111a10 (base 11) to base 5
-21200434
Convert 102869 (base 12) to base 13.
8b518
Convert 11b9697 (base 13) to base 16.
546e00
1aa213 (base 14) to base 10
949833
Convert -10011010010010001001000 (base 2) to base 3.
-100111211220222
What is 9537 (base 13) in base 11?
14586
Convert -51428 (base 12) to base 8.
-317040
Convert -179207 (base 10) to base 7.
-1344320
Convert 18153 (base 16) to base 11.
68126
What is 1752830 (base 11) in base 15?
3dbaab
Convert -3cd62 (base 14) to base 7.
-1165452
Convert -123c81 (base 13) to base 7.
-3500313
-1110043412 (base 5) to base 6
-123550105
Convert -1164535 (base 7) to base 5.
-14304010
What is 1ae749 (base 16) in base 8?
6563511
Convert -341331121 (base 6) to base 2.
-10111110001101010011001
Convert -24234611 (base 7) to base 12.
-882125
What is -8a068 (base 13) in base 6?
-5211532
What is -a05bb (base 14) in base 15?
-79270
What is 100220102021 (base 3) in base 10?
194947
fbba (base 16) to base 6
1214202
Convert 2603346 (base 7) to base 9.
563673
Convert -425606 (base 9) to base 7.
-2103636
Convert -4522244 (base 11) to base 16.
-78e815
What is -11111101001101100111 (base 2) in base 13?
-2a4106
What is -113001223 (base 4) in base 8?
-270153
What is 1a484e (base 16) in base 9?
3214668
Convert -62749 (base 15) to base 10.
-312144
What is 1a56774 (base 11) in base 7?
41305452
-37412a (base 11) to base 14
-1155c9
Convert -27432067 (base 8) to base 2.
-10111100011010000110111
233114 (base 7) to base 2
1010001110110010
Convert a47c6 (base 14) to base 9.
664127
Convert 258700 (base 9) to base 2.
100110011001110110
-304072 (base 10) to base 14
-7cb56
What is 1433540 (base 6) in base 14?
220cc
Convert 1374a9 (base 11) to base 2.
110100011101101110
-1102310132 (base 4) to base 11
-211961
Convert 56a9ab (base 12) to base 14.
2817d9
What is -18480 (base 13) in base 16?
-b745
What is 3851841 (base 10) in base 7?
44511600
Convert 10f9f (base 16) to base 7.
406504
Convert -1ab0b0 (base 13) to base 14.
-13a381
Convert 34515120 (base 8) to base 10.
7510608
What is -18c8b (base 13) in base 8?
-136230
Convert -397e15 (base 16) to base 15.
-4e65d9
What is 485622 (base 9) in base 16?
477e3
What is 68c71b (base 16) in base 7?
112236402
-6758109 (base 10) to base 16
-671edd
What is -133260 (base 14) in base 8?
-2414424
-6512570 (base 8) to base 5
-421222300
Convert -1001010011100000001 (base 2) to base 13.
-a8a18
Convert 43000124 (base 6) to base 16.
1338f4
Convert 20824 (base 13) to base 2.
1110010010001000
What is -a78517 (base 11) in base 16?
-1a4f6c
Convert -428a532 (base 11) to base 12.
-2637114
Convert -255752 (base 10) to base 14.
-692c0
What is -128572 (base 15) in base 9?
-1604248
What is -215443112 (base 7) in base 2?
-110001101010100010101101
30303432 (base 5) to base 2
111011101000010010
What is 13132131 (base 5) in base 2?
11111110011110011
Convert -24259a (base 12) to base 15.
-b8487
What is 586845 (base 9) in base 2?
1010110001000011100
Convert 3144246 (base 9) to base 4.
12122310300
100011211122 (base 3) to base 10
180674
Convert 162527 (base 12) to base 4.
1130021233
-312201144 (base 5) to base 16
-13a5fa
What is -349629 (base 13) in base 10?
-1248945
What is 535225 (base 6) in base 14?
12025
Convert -565243 (base 7) to base 11.
-69389
1333812 (base 9) to base 2
10110010011111101101
-120001212 (base 4) to base 5
-11122111
a1189b (base 12) to base 9
4647802
-1c86c1 (base 13) to base 4
-2302321210
What is -265401 (base 8) in base 11?
-63901
Convert 3011424 (base 5) to base 14.
1357d
What is -177275 (base 10) in base 11?
-11120a
What is 169a (base 11) in base 2?
100001110110
What is 812a9 (base 12) in base 5?
20334113
What is -111001110101000010001 (base 2) in base 5?
-441114204
Convert 31e48 (base 15) to base 6.
3221352
b2083 (base 14) to base 10
428179
What is 272998 (base 12) in base 2?
10011110001000000100
-1222221111 (base 3) to base 5
-2224300
Convert -5769f (base 16) to base 12.
-153253
26730 (base 11) to base 5
2210043
-10021211122 (base 3) to base 4
-33303323
4b1d40 (base 16) to base 9
10232583
Convert -320794 (base 12) to base 14.
-1677d6
What is -a2865 (base 15) in base 3?
-222011022012
Convert -867512 (base 9) to base 3.
-222021120102
What is -1151412 (base 8) in base 2?
-1001101001100001010
Convert 632a9 (base 15) to base 16.
4cc74
What is 113485 (base 10) in base 5?
12112420
What is 1204401300 (base 5) in base 3?
12021202000100
2317647 (base 8) to base 10
630695
387593 (base 10) to base 15
79c98
1199d8 (base 14) to base 5
123243030
Convert -361515 (base 8) to base 4.
-132031031
What is c6950 (base 14) in base 11?
2a8109
Convert -201224114 (base 5) to base 16.
-c482d
What is 74981 (base 16) in base 12?
1b0455
6121860 (base 9) to base 4
30130130220
Convert -134140321 (base 5) to base 15.
-da5e1
Convert 3003311310 (base 4) to base 2.
11000011110101110100
Convert 457c (base 13) to base 2.
10011000001000
Convert -43430020 (base 5) to base 12.
-160368
Convert -157216 (base 10) to base 16.
-26620
20363 (base 7) to base 2
1001110000010
What is -563620 (base 10) in base 13?
-169705
Convert -1076775 (base 12) to base 8.
-13771711
a24651 (base 13) to base 6
213003344
Convert 32555420 (base 7) to base 12.
b32758
What is 14014011 (base 5) in base 10?
141756
What is 13c34 (base 13) in base 11?
25a6a
What is -477280 (base 15) in base 11?
-1a235a9
What is 56486 (base 14) in base 8?
631046
What is 6754c (base 15) in base 11?
204952
What is 100110010111010110110000 (base 2) in base 7?
151325045
Convert 2274026 (base 8) to base 12.
25b15a
33055114 (base 6) to base 15
147857
Convert -2b823 (base 14) to base 12.
-52a33
What is 950855 (base 11) in base 10?
1523692
What is 44543165 (base 8) in base 5?
4430302221
6435525 (base 8) to base 7
20420012
2501415 (base 8) to base 2
10101000001100001101
What is -302011230010 (base 4) in base 6?
-1145233204
12222211011202 (base 3) to base 10
3185129
What is -20021012020020 (base 3) in base 12?
-1147280
3a41232 (base 11) to base 8
32513225
-4310a9 (base 14) to base 2
-1000101010000011111101
-27453c2 (base 13) to base 2
-101111001110000111000011
Convert -2922582 (base 11) to base 7.
-60466534
-4981b (base 13) to base 11
-927a5
-23b80a9 (base 13) to base 9
-22786437
Convert 110010101011101011 (base 2) to base 15.
4179a
Convert 3211201220 (base 4) to base 16.
e5868
What is 2211112102020 (base 3) in base 12?
607929
-18922 (base 14) to base 8
-171322
What is 1085524 (base 9) in base 14?
114401
4357101 (base 12) to base 6
1134252401
Convert 11101222211 (base 3) to base 16.
152da
-1871780 (base 9) to base 14
-1d50c8
What is c49334 (base 13) in base 16?
460a03
What is -11010010001001111 (base 2) in base 15?
-21d34
What is 100010100111000101111 (base 2) in base 3?
2010121201201
Convert -10101101111101000 (base 2) to base 3.
